ose -5*z = -v*z + 512. What is the remainder when z is divided by 22?
18
Suppose -v + 5*l = -418, 6*v - 3*v - 1254 = -3*l. What is the remainder when v is divided by 59?
5
Let g(i) be the first derivative of -i**3/3 + 4*i**2 + i + 3. What is the remainder when -4*((-59)/4 - -3) is divided by g(5)?
15
Suppose 0 = -0*u + 3*u + 12, 2*u + 15 = k. Let s(d) = d - 15. Let r(q) = -7. Let f(l) = k*r(l) - 3*s(l). What is the remainder when 8 is divided by f(-3)?
3
Calculate the remainder when 133 is divided by (-3)/(-6) + (-1)/2 + 45.
43
Let s = -3 - -8. Suppose 714*b - 721*b + 154 = 0. What is the remainder when b is divided by s?
2
Let k(z) = -8*z**2 - 38*z + 5. Let t(b) = -3*b**2 - 13*b + 2. Let m = 14 - 3. Let d(l) = m*t(l) - 4*k(l). Calculate the remainder when 64 is divided by d(5).
20
Suppose -8*n + 462 = -n. Let y = n + -42. What is the remainder when y is divided by 9?
6
Let v be ((-96)/(-4))/((-9)/(-30)). Suppose 2*b - v = -0*b. Calculate the remainder when b is divided by 11.
7
Suppose 0 = -24*j + 37 + 371. Calculate the remainder when 592 is divided by j.
14
Let c(n) = 5*n + 6. Let b be c(5). Let p = b - 25. What is the remainder when 17 is divided by p?
5
Let c = 77 - -14. Let f = -31 - -43. Calculate the remainder when c is divided by f.
7
Suppose -z + 0 - 12 = -4*m, 5*z = -20. Let w(t) = t**3 + 9*t**2 + 22*t + 118. What is the remainder when w(-8) is divided by m?
0
Let j(o) = -7*o - 2. Let m be j(-20). Let q = -69 + m. Suppose 207 = 4*d - q. Calculate the remainder when d is divided by 18.
15
Suppose 2*m - 175 - 75 = 0. What is the remainder when m is divided by 27?
17
Let a = 139 + -47. Calculate the remainder when a is divided by 47.
45
Calculate the remainder when 62 is divided by ((-36)/8)/((-5)/30).
8
Suppose -3*z + 5*z + 4*n - 14 = 0, -16 = 4*n. Suppose 0 = 7*r - 5*r - 5*y - 69, -4*y = -5*r + 198. What is the remainder when r is divided by z?
12
Suppose -5*m + 20 = 0, 4*m - 54 = -2*n - 4. Suppose -n*r = -18*r + 33. Calculate the remainder when r is divided by 18.
15
Suppose 0 = -3*z + 9, 2*l + 8*z - 38 = 6*z. What is the remainder when l is divided by 2?
0
Calculate the remainder when (10 - (0 + -7)) + 7 - -1 is divided by 20.
5
What is the remainder when (-16 + 17)/(1/102) is divided by 52?
50
Let n = 20 + 36. Suppose 0 = -2*h - d + n, -3*h + h = -d - 48. Let y = 43 - h. Calculate the remainder when 66 is divided by y.
15
Suppose -16*l + 15*l = -2. Suppose l*i + 14 = 60. What is the remainder when i is divided by 9?
5
Let a(h) = h**3 + 13*h**2 + 11*h - 11. Let d be a(-12). Suppose 0 = -4*c + 91 + d. Calculate the remainder when 4/(-6)*603/(-6) is divided by c.
21
Suppose -2*y - 6*c = -3*c - 63, -c = y - 29. Suppose r - y = -r. Calculate the remainder when 69 is divided by r.
9
Let g = -5 - -7. Suppose 0 = g*b - b - 3. Suppose -3*f = -x - 30, -3*x + 0*x = 0. Calculate the remainder when f is divided by b.
1
Suppose 4*p = -5*v + 335, 5*v + 147 = 4*p + 442. Suppose -22*g + 23*g - v = 0. Calculate the remainder when g is divided by 13.
11
Let b = -23 - -25. Suppose 4*c = -0*c - b*k + 6, 4*c + 5*k = 15. Suppose c = -10*m + 2*m + 208. Calculate the remainder when 49 is divided by m.
23
What is the remainder when 264/72*732/4 is divided by 24?
23
Suppose -768 = -4*f - 2*f. Suppose 0 = -3*a - 14 - 13. What is the remainder when 60 is divided by 3/a - f/(-6)?
18
Calculate the remainder when -198 + 380 + (6 - (1 - 1)) is divided by 65.
58
Suppose 24*g - 20*g = -k + 32, -5*k + 4*g + 40 = 0. What is the remainder when (-1)/((-2)/136*2) is divided by k?
10
Suppose 45 = 3*g - 18. Suppose 2*j = -4*f + 136, -367 = -5*j - 6*f + 5*f. Calculate the remainder when j is divided by g.
11
Suppose b - 897 = -2*i, -i + 8*b + 450 = 7*b. Calculate the remainder when i is divided by 57.
50
Suppose -4*h + 16 = -48. Suppose 4*y - 1 = f, -2*f + h = 5*y + 5. Let s(o) = -o**3 - 3*o**2 + 84*o - 190. What is the remainder when s(3) is divided by f?
2
Suppose -5*n + 29 = -46. Suppose 34 = -g + 3*g. Let f = 74 - g. Calculate the remainder when f is divided by n.
12
Let x = 36 + -37. Calculate the remainder when (-2)/8 + 258/8 is divided by (8 - 9)/(x/11).
10
Let z = 405 - -628. Calculate the remainder when z is divided by 22.
21
Suppose -5*i = -10, -3*b + 3*i + 3 = -0*i. Let j be b - -3 - (1 + 3). Let k(p) = 6*p**2 - 2. Calculate the remainder when k(j) is divided by 8.
6
Suppose 4*i = -16, -i = -3*n + n - 92. Let a = n - -52. What is the remainder when 38 is divided by a?
2
Suppose 19 = m - 5*q - 3, -5*q - 24 = -2*m. Suppose 4*f - m*a = 3*f + 7, 0 = 5*f + 4*a - 49. Calculate the remainder when f is divided by 2.
1
Suppose 11 = 5*g + 1. Let h(j) be the first derivative of -j**3/3 + 4*j**2 - 5*j + 6. Calculate the remainder when h(7) is divided by g.
0
Let k(c) = -2*c + 12. What is the remainder when 136 is divided by k(-19)?
36
Suppose 2*l + 3106 = 3*x - 322, -2*l - 4*x - 3456 = 0. What is the remainder when l/(-48) + (-1)/(-6) is divided by 10?
6
Let l(k) = -k**2 - 19*k + 15. Let p be l(-19). Suppose 0 = -5*v - p, 4*f = 5*f + 3*v - 26. What is the remainder when f is divided by 12?
11
Suppose 2*s = 3*b - 199, -6*s - 264 = -4*b - 2*s. Suppose -3*v - 3*v + 36 = 0. Let f(u) = -2*u + 26. Calculate the remainder when b is divided by f(v).
11
Suppose 2*o - 119 = -5*i, -4*o = -3*o - 5*i - 37. Calculate the remainder when o is divided by 47.
5
Suppose 17*j = -819 + 938. Let q = 21 - 8. Calculate the remainder when q is divided by j.
6
Let w be -1 - 5/(20/284). Let l = w + 76. What is the remainder when 6 is divided by l?
2
Suppose 18*v + 10*v = 1232. Calculate the remainder when 72 is divided by v.
28
Let a(u) = u**3 - 18*u**2 + 19*u - 8. Calculate the remainder when 103 is divided by a(17).
25
Let j(b) = -b**2 + 10*b + 19. Let d(p) = 5*p**2 - 2*p - p**2 + 4*p - 3*p**2. Let n be d(-4). Calculate the remainder when j(n) is divided by 6.
5
Let t = 9 - -15. What is the remainder when t is divided by 166/22 - 48/88?
3
Let i(l) = 2*l + 15. Let p(d) = -4*d - 30. Let j(s) = -5*i(s) - 3*p(s). Calculate the remainder when 73 is divided by j(5).
23
Calculate the remainder when 40 is divided by 2/(16/24) + 17.
0
Let j(q) = q**2 + 28*q + 30. Let a(i) = i**2 + 28*i + 30. Let f(r) = 6*a(r) - 5*j(r). Calculate the remainder when 176 is divided by f(-28).
26
Let r be ((-75)/18 - -4) + 938/12. Let p = r + -45. Calculate the remainder when p is divided by 7.
5
Suppose -p - 2*v = -2*p + 39, 2*p = 2*v + 88. Calculate the remainder when p is divided by (-4 - -3)/(2/(-52)).
23
Calculate the remainder when 9*(-1)/3 - -165 is divided by 51.
9
Suppose q + 305 = -3*l - q, -q + 208 = -2*l. Let j = -92 - l. Calculate the remainder when j is divided by 7.
4
Suppose 2*g - 245 = z, 2*z + g + g + 478 = 0. Let o = z - -536. Calculate the remainder when 98 is divided by (-6)/(-27) + o/9.
32
Suppose 224*x - 230*x = -132. Let o(h) = -h**3 - 2*h**2 + 2. Calculate the remainder when o(-4) is divided by x.
12
Suppose 3*i - 9 = -3*j, 0*j = j + 3*i + 1. Suppose -4*m - j = -53. Calculate the remainder when 22 is divided by m.
10
Suppose 17*c - 15*c = -20. What is the remainder when 45 is divided by -1 + 14 - (c - -7)?
13
Suppose -3*u - v - 51 = -0*u, -3*v = u + 17. Let s = -15 - u. What is the remainder when 7 is divided by s?
1
Let g(x) = x + 7 - 2*x + x + x. What is the remainder when g(4) is divided by 6?
5
Let p(r) = -r**3 + 13*r**2 + 1. Let z be p(13). Let w(h) = 57*h**2 - h + 2. What is the remainder when w(z) is divided by 15?
13
Let i be 21/2 + (-5)/(-10). Let t = 24 - i. Suppose 2*v + 1 = -3, -v = -3*c + 62. Calculate the remainder when c is divided by t.
7
Suppose 3*d - 2*g - 179 = 0, -2*d + 0*d + 5*g + 134 = 0. Calculate the remainder when 225 is divided by d.
54
Suppose 0 = -4*j - 4*z + 60, 0 = -2*j + 5*z - 9 + 25. What is the remainder when 298 is divided by j?
12
Let b(k) = k**2 + 10*k + 9. Suppose 5*d + 37 = 6*d. Suppose -133 = -5*j + d. What is the remainder when j is divided by b(-10)?
7
Suppose -o = -0*m + 5*m - 92, 0 = -5*m - 4*o + 98. Calculate the remainder when m is divided by 4.
2
Let z(o) = -18*o**3 - 2*o**2 - o. Let l be 7 + -11 + (-2 - -4). What is the remainder when -3 + (49 - (l - 2)) is divided by z(-1)?
16
Suppose -2*x = 2*t - 4*x - 14, -3*t + 11 = -5*x. Let z(s) = 5*s**2 - 2*s + 